{"id":80679,"date":"2013-05-15T11:01:06","date_gmt":"2013-05-15T09:01:06","guid":{"rendered":"https:\/\/bmf-fvm.org\/segurtasuna\/whatsapp-emergencias\/"},"modified":"2023-02-04T18:16:35","modified_gmt":"2023-02-04T17:16:35","slug":"whatsapp-emergencias","status":"publish","type":"page","link":"https:\/\/bmf-fvm.org\/eu\/segurtasuna\/whatsapp-emergencias\/","title":{"rendered":"WhatsApp Larrialdiak"},"content":{"rendered":"<div class=\"wpb-content-wrapper\"><p>[vc_row][vc_column][vc_column_text]<img loading=\"lazy\" decoding=\"async\" class=\"alignright size-full wp-image-3490 noborder\" src=\"https:\/\/bmf-fvm.org\/wp-content\/uploads\/2013\/05\/Icono-Whatsapp1.png\" alt=\"Icono-Whatsapp\" width=\"240\" height=\"238\" \/><\/p>\n<p>Galduta dagoen pertsona bati arreta emateko eta haren erreskatea egiteko dugun arazorik handienetako bat da, hain zuzen, non dagoen jakitea. Arlo hori hobetze aldera, Eusko Jaurlaritzako Segurtasun Sailari atxikitako Larrialdiei Aurre Egiteko eta Meteorologiako Zuzendaritzak SOS Deiak Larrialdiak Koordinazio Zentroetan WhatsApp bidez komunikatzeko aukera erantsi du.<\/p>\n<p>Aste honetatik aurrera, Euskadin galduta edo arrisku-egoeran dauden pertsonek beren kokalekuaren berri eman dezakete WhatsApp bidez, erreskatea egiteko edo bide egokira igortzeko. Bidalitako kokalekua smartphone-ek eraman ohi duten GPS aplikazioan oinarritzen da. Horri esker txangozalearen geolokalizazioa jakin ahalko da, gutxi gorabehera, hamar metroko errore-tartearekin. Gainera, frogatu da zifrak ahoz esatea baino seguruagoa eta azkarragoa dela.<\/p>\n<p>Prozedura hau da:<\/p>\n<p><strong>Beti 112 telefonora deitu behar da.<\/strong> Deia jasotzen duen operadoreak, deia erregistratu ondoren, 3G estaldurarik baldin badago, laguntza behar duen pertsonari eskatuko dio SOS DEIAK Koordinazio Zentrotik emango zaion telefono mugikorreko zenbakia gogoan hartu eta bere kontaktu-agendara gehitzeko, era horretan WhatsApp bidez elkarrizketa egin ahal izateko.<\/p>\n<p>Behin harremanetan jarriz gero, telefonoaren GPSa aktibatzeko eskatuko zaio. Bukatzeko, kokalekua bidaliko da. WhatsApp-en aplikazioak ahalbidetzen du, zehazki \u201cerantsi fitxategia\u201d-aren kliparen bitartez edo \u201cbidali kokalekua\u201d aukeraren aurre-programazioaren bitartez. Oso garrantzitsua dajendeak aplikazioa ezagutzea eta mendira irten baino lehen harekin praktikatzea gero urduritasun-egoeretan sor daitezkeen arazoak ez izateko. Horregatik, eskatzen dizuegu zuen inguruko pertsonen artean ahalik eta zabalkunderik handiena egiteko.<\/p>\n<p><strong>Berriro esaten dugu lehenik BETI 112 telefonora deitu behar dela (larrialdi guztietarako telefono bakarra)<\/strong> SOS DEIAKek aplikazioa aktiba dezan.<\/p>\n<p>[\/vc_column_text][\/vc_column][\/vc_row]<\/p>\n<\/div>","protected":false},"excerpt":{"rendered":"<p>[vc_row][vc_column][vc_column_text] Galduta dagoen pertsona bati arreta emateko eta haren erreskatea egiteko dugun arazorik handienetako bat da, hain zuzen, non dagoen&hellip;<\/p>\n","protected":false},"author":1,"featured_media":0,"parent":80571,"menu_order":25,"comment_status":"closed","ping_status":"closed","template":"","meta":{"_acf_changed":false,"footnotes":""},"class_list":["post-80679","page","type-page","status-publish","hentry","seccion-segurtasuna"],"acf":[],"yoast_head":"<!-- This site is optimized with the Yoast SEO plugin v27.3 - https:\/\/yoast.com\/product\/yoast-seo-wordpress\/ -->\n<title>WhatsApp Larrialdiak - Bizkaiko Mendizale Federazioa<\/title>\n<meta name=\"robots\" content=\"index, follow, max-snippet:-1, max-image-preview:large, max-video-preview:-1\" \/>\n<link rel=\"canonical\" href=\"https:\/\/bmf-fvm.org\/eu\/segurtasuna\/whatsapp-emergencias\/\" \/>\n<meta property=\"og:locale\" content=\"en_US\" \/>\n<meta property=\"og:type\" content=\"article\" \/>\n<meta property=\"og:title\" content=\"WhatsApp Larrialdiak - Bizkaiko Mendizale Federazioa\" \/>\n<meta property=\"og:description\" content=\"[vc_row][vc_column][vc_column_text] Galduta dagoen pertsona bati arreta emateko eta haren erreskatea egiteko dugun arazorik handienetako bat da, hain zuzen, non dagoen&hellip;\" \/>\n<meta property=\"og:url\" content=\"https:\/\/bmf-fvm.org\/eu\/segurtasuna\/whatsapp-emergencias\/\" \/>\n<meta property=\"og:site_name\" content=\"Bizkaiko Mendizale Federazioa\" \/>\n<meta property=\"article:publisher\" content=\"https:\/\/facebook.com\/pages\/Bmf-Fvm\/597553177057267\" \/>\n<meta property=\"article:modified_time\" content=\"2023-02-04T17:16:35+00:00\" \/>\n<meta property=\"og:image\" content=\"https:\/\/bmf-fvm.org\/wp-content\/uploads\/2013\/05\/Icono-Whatsapp1.png\" \/>\n<meta name=\"twitter:card\" content=\"summary_large_image\" \/>\n<meta name=\"twitter:label1\" content=\"Est. reading time\" \/>\n\t<meta name=\"twitter:data1\" content=\"1 minutua\" \/>\n<script type=\"application\/ld+json\" class=\"yoast-schema-graph\">{\"@context\":\"https:\\\/\\\/schema.org\",\"@graph\":[{\"@type\":\"WebPage\",\"@id\":\"https:\\\/\\\/bmf-fvm.org\\\/eu\\\/segurtasuna\\\/whatsapp-emergencias\\\/\",\"url\":\"https:\\\/\\\/bmf-fvm.org\\\/eu\\\/segurtasuna\\\/whatsapp-emergencias\\\/\",\"name\":\"WhatsApp Larrialdiak - Bizkaiko Mendizale Federazioa\",\"isPartOf\":{\"@id\":\"https:\\\/\\\/bmf-fvm.org\\\/#website\"},\"primaryImageOfPage\":{\"@id\":\"https:\\\/\\\/bmf-fvm.org\\\/eu\\\/segurtasuna\\\/whatsapp-emergencias\\\/#primaryimage\"},\"image\":{\"@id\":\"https:\\\/\\\/bmf-fvm.org\\\/eu\\\/segurtasuna\\\/whatsapp-emergencias\\\/#primaryimage\"},\"thumbnailUrl\":\"https:\\\/\\\/bmf-fvm.org\\\/wp-content\\\/uploads\\\/2013\\\/05\\\/Icono-Whatsapp1.png\",\"datePublished\":\"2013-05-15T09:01:06+00:00\",\"dateModified\":\"2023-02-04T17:16:35+00:00\",\"breadcrumb\":{\"@id\":\"https:\\\/\\\/bmf-fvm.org\\\/eu\\\/segurtasuna\\\/whatsapp-emergencias\\\/#breadcrumb\"},\"inLanguage\":\"eu\",\"potentialAction\":[{\"@type\":\"ReadAction\",\"target\":[\"https:\\\/\\\/bmf-fvm.org\\\/eu\\\/segurtasuna\\\/whatsapp-emergencias\\\/\"]}]},{\"@type\":\"ImageObject\",\"inLanguage\":\"eu\",\"@id\":\"https:\\\/\\\/bmf-fvm.org\\\/eu\\\/segurtasuna\\\/whatsapp-emergencias\\\/#primaryimage\",\"url\":\"https:\\\/\\\/bmf-fvm.org\\\/wp-content\\\/uploads\\\/2013\\\/05\\\/Icono-Whatsapp1.png\",\"contentUrl\":\"https:\\\/\\\/bmf-fvm.org\\\/wp-content\\\/uploads\\\/2013\\\/05\\\/Icono-Whatsapp1.png\"},{\"@type\":\"BreadcrumbList\",\"@id\":\"https:\\\/\\\/bmf-fvm.org\\\/eu\\\/segurtasuna\\\/whatsapp-emergencias\\\/#breadcrumb\",\"itemListElement\":[{\"@type\":\"ListItem\",\"position\":1,\"name\":\"Portada\",\"item\":\"https:\\\/\\\/bmf-fvm.org\\\/eu\\\/\"},{\"@type\":\"ListItem\",\"position\":2,\"name\":\"Segurtasuna\",\"item\":\"https:\\\/\\\/bmf-fvm.org\\\/eu\\\/segurtasuna\\\/\"},{\"@type\":\"ListItem\",\"position\":3,\"name\":\"WhatsApp Larrialdiak\"}]},{\"@type\":\"WebSite\",\"@id\":\"https:\\\/\\\/bmf-fvm.org\\\/#website\",\"url\":\"https:\\\/\\\/bmf-fvm.org\\\/\",\"name\":\"Bizkaiko Mendizale Federazioa\",\"description\":\"Bizkaiko Mendizale Federazioa\",\"publisher\":{\"@id\":\"https:\\\/\\\/bmf-fvm.org\\\/#organization\"},\"potentialAction\":[{\"@type\":\"SearchAction\",\"target\":{\"@type\":\"EntryPoint\",\"urlTemplate\":\"https:\\\/\\\/bmf-fvm.org\\\/?s={search_term_string}\"},\"query-input\":{\"@type\":\"PropertyValueSpecification\",\"valueRequired\":true,\"valueName\":\"search_term_string\"}}],\"inLanguage\":\"eu\"},{\"@type\":\"Organization\",\"@id\":\"https:\\\/\\\/bmf-fvm.org\\\/#organization\",\"name\":\"Federaci\u00f3n Vizca\u00edna de Monta\u00f1a\",\"url\":\"https:\\\/\\\/bmf-fvm.org\\\/\",\"logo\":{\"@type\":\"ImageObject\",\"inLanguage\":\"eu\",\"@id\":\"https:\\\/\\\/bmf-fvm.org\\\/#\\\/schema\\\/logo\\\/image\\\/\",\"url\":\"https:\\\/\\\/bmf-fvm.org\\\/wp-content\\\/uploads\\\/2022\\\/03\\\/bmf-logo-trans.png\",\"contentUrl\":\"https:\\\/\\\/bmf-fvm.org\\\/wp-content\\\/uploads\\\/2022\\\/03\\\/bmf-logo-trans.png\",\"width\":41,\"height\":61,\"caption\":\"Federaci\u00f3n Vizca\u00edna de Monta\u00f1a\"},\"image\":{\"@id\":\"https:\\\/\\\/bmf-fvm.org\\\/#\\\/schema\\\/logo\\\/image\\\/\"},\"sameAs\":[\"https:\\\/\\\/facebook.com\\\/pages\\\/Bmf-Fvm\\\/597553177057267\"]}]}<\/script>\n<!-- \/ Yoast SEO plugin. -->","yoast_head_json":{"title":"WhatsApp Larrialdiak - Bizkaiko Mendizale Federazioa","robots":{"index":"index","follow":"follow","max-snippet":"max-snippet:-1","max-image-preview":"max-image-preview:large","max-video-preview":"max-video-preview:-1"},"canonical":"https:\/\/bmf-fvm.org\/eu\/segurtasuna\/whatsapp-emergencias\/","og_locale":"en_US","og_type":"article","og_title":"WhatsApp Larrialdiak - Bizkaiko Mendizale Federazioa","og_description":"[vc_row][vc_column][vc_column_text] Galduta dagoen pertsona bati arreta emateko eta haren erreskatea egiteko dugun arazorik handienetako bat da, hain zuzen, non dagoen&hellip;","og_url":"https:\/\/bmf-fvm.org\/eu\/segurtasuna\/whatsapp-emergencias\/","og_site_name":"Bizkaiko Mendizale Federazioa","article_publisher":"https:\/\/facebook.com\/pages\/Bmf-Fvm\/597553177057267","article_modified_time":"2023-02-04T17:16:35+00:00","og_image":[{"url":"https:\/\/bmf-fvm.org\/wp-content\/uploads\/2013\/05\/Icono-Whatsapp1.png","type":"","width":"","height":""}],"twitter_card":"summary_large_image","twitter_misc":{"Est. reading time":"1 minutua"},"schema":{"@context":"https:\/\/schema.org","@graph":[{"@type":"WebPage","@id":"https:\/\/bmf-fvm.org\/eu\/segurtasuna\/whatsapp-emergencias\/","url":"https:\/\/bmf-fvm.org\/eu\/segurtasuna\/whatsapp-emergencias\/","name":"WhatsApp Larrialdiak - Bizkaiko Mendizale Federazioa","isPartOf":{"@id":"https:\/\/bmf-fvm.org\/#website"},"primaryImageOfPage":{"@id":"https:\/\/bmf-fvm.org\/eu\/segurtasuna\/whatsapp-emergencias\/#primaryimage"},"image":{"@id":"https:\/\/bmf-fvm.org\/eu\/segurtasuna\/whatsapp-emergencias\/#primaryimage"},"thumbnailUrl":"https:\/\/bmf-fvm.org\/wp-content\/uploads\/2013\/05\/Icono-Whatsapp1.png","datePublished":"2013-05-15T09:01:06+00:00","dateModified":"2023-02-04T17:16:35+00:00","breadcrumb":{"@id":"https:\/\/bmf-fvm.org\/eu\/segurtasuna\/whatsapp-emergencias\/#breadcrumb"},"inLanguage":"eu","potentialAction":[{"@type":"ReadAction","target":["https:\/\/bmf-fvm.org\/eu\/segurtasuna\/whatsapp-emergencias\/"]}]},{"@type":"ImageObject","inLanguage":"eu","@id":"https:\/\/bmf-fvm.org\/eu\/segurtasuna\/whatsapp-emergencias\/#primaryimage","url":"https:\/\/bmf-fvm.org\/wp-content\/uploads\/2013\/05\/Icono-Whatsapp1.png","contentUrl":"https:\/\/bmf-fvm.org\/wp-content\/uploads\/2013\/05\/Icono-Whatsapp1.png"},{"@type":"BreadcrumbList","@id":"https:\/\/bmf-fvm.org\/eu\/segurtasuna\/whatsapp-emergencias\/#breadcrumb","itemListElement":[{"@type":"ListItem","position":1,"name":"Portada","item":"https:\/\/bmf-fvm.org\/eu\/"},{"@type":"ListItem","position":2,"name":"Segurtasuna","item":"https:\/\/bmf-fvm.org\/eu\/segurtasuna\/"},{"@type":"ListItem","position":3,"name":"WhatsApp Larrialdiak"}]},{"@type":"WebSite","@id":"https:\/\/bmf-fvm.org\/#website","url":"https:\/\/bmf-fvm.org\/","name":"Bizkaiko Mendizale Federazioa","description":"Bizkaiko Mendizale Federazioa","publisher":{"@id":"https:\/\/bmf-fvm.org\/#organization"},"potentialAction":[{"@type":"SearchAction","target":{"@type":"EntryPoint","urlTemplate":"https:\/\/bmf-fvm.org\/?s={search_term_string}"},"query-input":{"@type":"PropertyValueSpecification","valueRequired":true,"valueName":"search_term_string"}}],"inLanguage":"eu"},{"@type":"Organization","@id":"https:\/\/bmf-fvm.org\/#organization","name":"Federaci\u00f3n Vizca\u00edna de Monta\u00f1a","url":"https:\/\/bmf-fvm.org\/","logo":{"@type":"ImageObject","inLanguage":"eu","@id":"https:\/\/bmf-fvm.org\/#\/schema\/logo\/image\/","url":"https:\/\/bmf-fvm.org\/wp-content\/uploads\/2022\/03\/bmf-logo-trans.png","contentUrl":"https:\/\/bmf-fvm.org\/wp-content\/uploads\/2022\/03\/bmf-logo-trans.png","width":41,"height":61,"caption":"Federaci\u00f3n Vizca\u00edna de Monta\u00f1a"},"image":{"@id":"https:\/\/bmf-fvm.org\/#\/schema\/logo\/image\/"},"sameAs":["https:\/\/facebook.com\/pages\/Bmf-Fvm\/597553177057267"]}]}},"_links":{"self":[{"href":"https:\/\/bmf-fvm.org\/eu\/wp-json\/wp\/v2\/pages\/80679","targetHints":{"allow":["GET"]}}],"collection":[{"href":"https:\/\/bmf-fvm.org\/eu\/wp-json\/wp\/v2\/pages"}],"about":[{"href":"https:\/\/bmf-fvm.org\/eu\/wp-json\/wp\/v2\/types\/page"}],"author":[{"embeddable":true,"href":"https:\/\/bmf-fvm.org\/eu\/wp-json\/wp\/v2\/users\/1"}],"replies":[{"embeddable":true,"href":"https:\/\/bmf-fvm.org\/eu\/wp-json\/wp\/v2\/comments?post=80679"}],"version-history":[{"count":0,"href":"https:\/\/bmf-fvm.org\/eu\/wp-json\/wp\/v2\/pages\/80679\/revisions"}],"up":[{"embeddable":true,"href":"https:\/\/bmf-fvm.org\/eu\/wp-json\/wp\/v2\/pages\/80571"}],"wp:attachment":[{"href":"https:\/\/bmf-fvm.org\/eu\/wp-json\/wp\/v2\/media?parent=80679"}],"curies":[{"name":"wp","href":"https:\/\/api.w.org\/{rel}","templated":true}]}}

<!-- This site is optimized with the Yoast SEO plugin v27.3 - https://yoast.com/product/yoast-seo-wordpress/ -->
<title>WhatsApp Larrialdiak - Bizkaiko Mendizale Federazioa</title>
<meta name="robots" content="index, follow, max-snippet:-1, max-image-preview:large, max-video-preview:-1" />
<link rel="canonical" href="https://bmf-fvm.org/eu/segurtasuna/whatsapp-emergencias/" />
<meta property="og:locale" content="en_US" />
<meta property="og:type" content="article" />
<meta property="og:title" content="WhatsApp Larrialdiak - Bizkaiko Mendizale Federazioa" />
<meta property="og:description" content="[vc_row][vc_column][vc_column_text] Galduta dagoen pertsona bati arreta emateko eta haren erreskatea egiteko dugun arazorik handienetako bat da, hain zuzen, non dagoen&hellip;" />
<meta property="og:url" content="https://bmf-fvm.org/eu/segurtasuna/whatsapp-emergencias/" />
<meta property="og:site_name" content="Bizkaiko Mendizale Federazioa" />
<meta property="article:publisher" content="https://facebook.com/pages/Bmf-Fvm/597553177057267" />
<meta property="article:modified_time" content="2023-02-04T17:16:35+00:00" />
<meta property="og:image" content="https://bmf-fvm.org/wp-content/uploads/2013/05/Icono-Whatsapp1.png" />
<meta name="twitter:card" content="summary_large_image" />
<meta name="twitter:label1" content="Est. reading time" />
	<meta name="twitter:data1" content="1 minutua" />
<script type="application/ld+json" class="yoast-schema-graph">{"@context":"https:\/\/schema.org","@graph":[{"@type":"WebPage","@id":"https:\/\/bmf-fvm.org\/eu\/segurtasuna\/whatsapp-emergencias\/","url":"https:\/\/bmf-fvm.org\/eu\/segurtasuna\/whatsapp-emergencias\/","name":"WhatsApp Larrialdiak - Bizkaiko Mendizale Federazioa","isPartOf":{"@id":"https:\/\/bmf-fvm.org\/#website"},"primaryImageOfPage":{"@id":"https:\/\/bmf-fvm.org\/eu\/segurtasuna\/whatsapp-emergencias\/#primaryimage"},"image":{"@id":"https:\/\/bmf-fvm.org\/eu\/segurtasuna\/whatsapp-emergencias\/#primaryimage"},"thumbnailUrl":"https:\/\/bmf-fvm.org\/wp-content\/uploads\/2013\/05\/Icono-Whatsapp1.png","datePublished":"2013-05-15T09:01:06+00:00","dateModified":"2023-02-04T17:16:35+00:00","breadcrumb":{"@id":"https:\/\/bmf-fvm.org\/eu\/segurtasuna\/whatsapp-emergencias\/#breadcrumb"},"inLanguage":"eu","potentialAction":[{"@type":"ReadAction","target":["https:\/\/bmf-fvm.org\/eu\/segurtasuna\/whatsapp-emergencias\/"]}]},{"@type":"ImageObject","inLanguage":"eu","@id":"https:\/\/bmf-fvm.org\/eu\/segurtasuna\/whatsapp-emergencias\/#primaryimage","url":"https:\/\/bmf-fvm.org\/wp-content\/uploads\/2013\/05\/Icono-Whatsapp1.png","contentUrl":"https:\/\/bmf-fvm.org\/wp-content\/uploads\/2013\/05\/Icono-Whatsapp1.png"},{"@type":"BreadcrumbList","@id":"https:\/\/bmf-fvm.org\/eu\/segurtasuna\/whatsapp-emergencias\/#breadcrumb","itemListElement":[{"@type":"ListItem","position":1,"name":"Portada","item":"https:\/\/bmf-fvm.org\/eu\/"},{"@type":"ListItem","position":2,"name":"Segurtasuna","item":"https:\/\/bmf-fvm.org\/eu\/segurtasuna\/"},{"@type":"ListItem","position":3,"name":"WhatsApp Larrialdiak"}]},{"@type":"WebSite","@id":"https:\/\/bmf-fvm.org\/#website","url":"https:\/\/bmf-fvm.org\/","name":"Bizkaiko Mendizale Federazioa","description":"Bizkaiko Mendizale Federazioa","publisher":{"@id":"https:\/\/bmf-fvm.org\/#organization"},"potentialAction":[{"@type":"SearchAction","target":{"@type":"EntryPoint","urlTemplate":"https:\/\/bmf-fvm.org\/?s={search_term_string}"},"query-input":{"@type":"PropertyValueSpecification","valueRequired":true,"valueName":"search_term_string"}}],"inLanguage":"eu"},{"@type":"Organization","@id":"https:\/\/bmf-fvm.org\/#organization","name":"Federación Vizcaína de Montaña","url":"https:\/\/bmf-fvm.org\/","logo":{"@type":"ImageObject","inLanguage":"eu","@id":"https:\/\/bmf-fvm.org\/#\/schema\/logo\/image\/","url":"https:\/\/bmf-fvm.org\/wp-content\/uploads\/2022\/03\/bmf-logo-trans.png","contentUrl":"https:\/\/bmf-fvm.org\/wp-content\/uploads\/2022\/03\/bmf-logo-trans.png","width":41,"height":61,"caption":"Federación Vizcaína de Montaña"},"image":{"@id":"https:\/\/bmf-fvm.org\/#\/schema\/logo\/image\/"},"sameAs":["https:\/\/facebook.com\/pages\/Bmf-Fvm\/597553177057267"]}]}</script>
<!-- / Yoast SEO plugin. -->

Federación Vizcaína de Montaña
