{"id":80583,"date":"2014-09-11T18:10:30","date_gmt":"2014-09-11T16:10:30","guid":{"rendered":"https:\/\/bmf-fvm.org\/segurtasuna\/daem-ikastaroak\/"},"modified":"2022-03-23T15:06:04","modified_gmt":"2022-03-23T14:06:04","slug":"daem-ikastaroak","status":"publish","type":"page","link":"https:\/\/bmf-fvm.org\/eu\/segurtasuna\/daem-ikastaroak\/","title":{"rendered":"DAEM Ikastaroak"},"content":{"rendered":"<div class=\"wpb-content-wrapper\"><p>[vc_row][vc_column][vc_column_text]Jakinarazi nahi dizuegu klubek DAEMk (Larrialdiei Aurregiteko eta Meteorologiako Zuzendaritza-Eusko Jaurlaritzako Segurtasun Saila) lagundutako formakuntza programak eskatu ahal dituztela.<\/p>\n<p>Haien artean ezberdinak baina elkar erlazionatutako hiru arlo dira:<\/p>\n<ul>\n<li><strong>MENDIKO AUTOBABES IKASTAROA:<\/strong>\n<ul>\n<li>5 ordutako ikastaroa 2,5 ordutako bi egunetan banatuta. Ikastaroaren irakaslea EMFko Mendiko Sorrospen eta Medikuntza taldeko teknikari bat izango da.<\/li>\n<li>Ikasle kopuruak baldintzatu dezakeen arren (kopuru egokiena 20-30 bitartekoa izango da. Ez da gomendagarria 10 lagun baino gutxiagoko taderik), gela handi bat beharko da. Honekin batera oso gomendagarria baina ez nahitaezkoa, proiekzio pantaila eta kanoia.<\/li>\n<\/ul>\n<\/li>\n<li><strong>LEHEN SORROSPENETAKO IKASTARO PRAKTIKOA:<\/strong>\n<ul>\n<li>Ikastaro praktikoa izango da. Egun bakar batean (normalean larunbatean) eta 8 ordutako iraupena duen ikastaroa da. Irakasleak EMFko Mendikutza eta Sorrospen taldeko teknikariak izango dira.<\/li>\n<li>Ikasle kopuruaren araberako gela haundi bat beharko da (4 talde ezberdin osatzeko 20 laguneko taldeak aholkatzen dira. Ez dira 10 lagun baino gutxiagoko taldeak aholkatzen). Beharrezkoak ez diren arren, proiekzio pantaila eta kainoia izatea oso gomendagarria da.<\/li>\n<\/ul>\n<\/li>\n<li><strong>OSASUNA ETA MENDIKO JARDUEREN INGURUKO JARDUNALDIA:<\/strong>\n<ul>\n<li>Egun bakar batean (larunbatean) eta 8 ordutako iraupena duen ikastaro teorikoa. Irakaslea EMFko Medikuntza eta sorrospen taldeko teknikari bat izango da.<\/li>\n<li>Ikasle kopuruaren araberako gela haundi bat beharko da (20-30 laguneko taldeak aholkatzen dira. Ez dira 10 lagun baino gutxiagoko taldeak aholkatzen). Beharrezkoak ez diren arren, proiekzio pantaila eta kainoia izatea oso gomendagarria da.<\/li>\n<\/ul>\n<\/li>\n<\/ul>\n<p>Formakuntza hauek eskatzeko EMFko Zuzendari Teknikoarekin harremanetan jarri: <a title=\"Convocatorias pruebas selecci\u00f3n Equipo Espa\u00f1ol de Alpinismo y Equipo Femenino Alpinismo (2015-2017)\" href=\"mailto:zuzendaritza@emf-fvm.com\">zuzendaritza@emf-fvm.com <\/a>[\/vc_column_text][\/vc_column][\/vc_row]<\/p>\n<\/div>","protected":false},"excerpt":{"rendered":"<p>[vc_row][vc_column][vc_column_text]Jakinarazi nahi dizuegu klubek DAEMk (Larrialdiei Aurregiteko eta Meteorologiako Zuzendaritza-Eusko Jaurlaritzako Segurtasun Saila) lagundutako formakuntza programak eskatu ahal dituztela. Haien&hellip;<\/p>\n","protected":false},"author":1,"featured_media":0,"parent":80571,"menu_order":21,"comment_status":"closed","ping_status":"closed","template":"","meta":{"_acf_changed":false,"footnotes":""},"class_list":["post-80583","page","type-page","status-publish","hentry","seccion-segurtasuna"],"acf":[],"yoast_head":"<!-- This site is optimized with the Yoast SEO plugin v27.3 - https:\/\/yoast.com\/product\/yoast-seo-wordpress\/ -->\n<title>DAEM Ikastaroak - Bizkaiko Mendizale Federazioa<\/title>\n<meta name=\"robots\" content=\"index, follow, max-snippet:-1, max-image-preview:large, max-video-preview:-1\" \/>\n<link rel=\"canonical\" href=\"https:\/\/bmf-fvm.org\/eu\/segurtasuna\/daem-ikastaroak\/\" \/>\n<meta property=\"og:locale\" content=\"en_US\" \/>\n<meta property=\"og:type\" content=\"article\" \/>\n<meta property=\"og:title\" content=\"DAEM Ikastaroak - Bizkaiko Mendizale Federazioa\" \/>\n<meta property=\"og:description\" content=\"[vc_row][vc_column][vc_column_text]Jakinarazi nahi dizuegu klubek DAEMk (Larrialdiei Aurregiteko eta Meteorologiako Zuzendaritza-Eusko Jaurlaritzako Segurtasun Saila) lagundutako formakuntza programak eskatu ahal dituztela. Haien&hellip;\" \/>\n<meta property=\"og:url\" content=\"https:\/\/bmf-fvm.org\/eu\/segurtasuna\/daem-ikastaroak\/\" \/>\n<meta property=\"og:site_name\" content=\"Bizkaiko Mendizale Federazioa\" \/>\n<meta property=\"article:publisher\" content=\"https:\/\/facebook.com\/pages\/Bmf-Fvm\/597553177057267\" \/>\n<meta property=\"article:modified_time\" content=\"2022-03-23T14:06:04+00:00\" \/>\n<meta property=\"og:image\" content=\"https:\/\/bmf-fvm.org\/wp-content\/uploads\/2022\/04\/bmf-fb-logo.jpg\" \/>\n\t<meta property=\"og:image:width\" content=\"200\" \/>\n\t<meta property=\"og:image:height\" content=\"200\" \/>\n\t<meta property=\"og:image:type\" content=\"image\/jpeg\" \/>\n<meta name=\"twitter:card\" content=\"summary_large_image\" \/>\n<meta name=\"twitter:label1\" content=\"Est. reading time\" \/>\n\t<meta name=\"twitter:data1\" content=\"1 minutua\" \/>\n<script type=\"application\/ld+json\" class=\"yoast-schema-graph\">{\"@context\":\"https:\\\/\\\/schema.org\",\"@graph\":[{\"@type\":\"WebPage\",\"@id\":\"https:\\\/\\\/bmf-fvm.org\\\/eu\\\/segurtasuna\\\/daem-ikastaroak\\\/\",\"url\":\"https:\\\/\\\/bmf-fvm.org\\\/eu\\\/segurtasuna\\\/daem-ikastaroak\\\/\",\"name\":\"DAEM Ikastaroak - Bizkaiko Mendizale Federazioa\",\"isPartOf\":{\"@id\":\"https:\\\/\\\/bmf-fvm.org\\\/#website\"},\"datePublished\":\"2014-09-11T16:10:30+00:00\",\"dateModified\":\"2022-03-23T14:06:04+00:00\",\"breadcrumb\":{\"@id\":\"https:\\\/\\\/bmf-fvm.org\\\/eu\\\/segurtasuna\\\/daem-ikastaroak\\\/#breadcrumb\"},\"inLanguage\":\"eu\",\"potentialAction\":[{\"@type\":\"ReadAction\",\"target\":[\"https:\\\/\\\/bmf-fvm.org\\\/eu\\\/segurtasuna\\\/daem-ikastaroak\\\/\"]}]},{\"@type\":\"BreadcrumbList\",\"@id\":\"https:\\\/\\\/bmf-fvm.org\\\/eu\\\/segurtasuna\\\/daem-ikastaroak\\\/#breadcrumb\",\"itemListElement\":[{\"@type\":\"ListItem\",\"position\":1,\"name\":\"Portada\",\"item\":\"https:\\\/\\\/bmf-fvm.org\\\/eu\\\/\"},{\"@type\":\"ListItem\",\"position\":2,\"name\":\"Segurtasuna\",\"item\":\"https:\\\/\\\/bmf-fvm.org\\\/eu\\\/segurtasuna\\\/\"},{\"@type\":\"ListItem\",\"position\":3,\"name\":\"DAEM Ikastaroak\"}]},{\"@type\":\"WebSite\",\"@id\":\"https:\\\/\\\/bmf-fvm.org\\\/#website\",\"url\":\"https:\\\/\\\/bmf-fvm.org\\\/\",\"name\":\"Bizkaiko Mendizale Federazioa\",\"description\":\"Bizkaiko Mendizale Federazioa\",\"publisher\":{\"@id\":\"https:\\\/\\\/bmf-fvm.org\\\/#organization\"},\"potentialAction\":[{\"@type\":\"SearchAction\",\"target\":{\"@type\":\"EntryPoint\",\"urlTemplate\":\"https:\\\/\\\/bmf-fvm.org\\\/?s={search_term_string}\"},\"query-input\":{\"@type\":\"PropertyValueSpecification\",\"valueRequired\":true,\"valueName\":\"search_term_string\"}}],\"inLanguage\":\"eu\"},{\"@type\":\"Organization\",\"@id\":\"https:\\\/\\\/bmf-fvm.org\\\/#organization\",\"name\":\"Federaci\u00f3n Vizca\u00edna de Monta\u00f1a\",\"url\":\"https:\\\/\\\/bmf-fvm.org\\\/\",\"logo\":{\"@type\":\"ImageObject\",\"inLanguage\":\"eu\",\"@id\":\"https:\\\/\\\/bmf-fvm.org\\\/#\\\/schema\\\/logo\\\/image\\\/\",\"url\":\"https:\\\/\\\/bmf-fvm.org\\\/wp-content\\\/uploads\\\/2022\\\/03\\\/bmf-logo-trans.png\",\"contentUrl\":\"https:\\\/\\\/bmf-fvm.org\\\/wp-content\\\/uploads\\\/2022\\\/03\\\/bmf-logo-trans.png\",\"width\":41,\"height\":61,\"caption\":\"Federaci\u00f3n Vizca\u00edna de Monta\u00f1a\"},\"image\":{\"@id\":\"https:\\\/\\\/bmf-fvm.org\\\/#\\\/schema\\\/logo\\\/image\\\/\"},\"sameAs\":[\"https:\\\/\\\/facebook.com\\\/pages\\\/Bmf-Fvm\\\/597553177057267\"]}]}<\/script>\n<!-- \/ Yoast SEO plugin. -->","yoast_head_json":{"title":"DAEM Ikastaroak - Bizkaiko Mendizale Federazioa","robots":{"index":"index","follow":"follow","max-snippet":"max-snippet:-1","max-image-preview":"max-image-preview:large","max-video-preview":"max-video-preview:-1"},"canonical":"https:\/\/bmf-fvm.org\/eu\/segurtasuna\/daem-ikastaroak\/","og_locale":"en_US","og_type":"article","og_title":"DAEM Ikastaroak - Bizkaiko Mendizale Federazioa","og_description":"[vc_row][vc_column][vc_column_text]Jakinarazi nahi dizuegu klubek DAEMk (Larrialdiei Aurregiteko eta Meteorologiako Zuzendaritza-Eusko Jaurlaritzako Segurtasun Saila) lagundutako formakuntza programak eskatu ahal dituztela. Haien&hellip;","og_url":"https:\/\/bmf-fvm.org\/eu\/segurtasuna\/daem-ikastaroak\/","og_site_name":"Bizkaiko Mendizale Federazioa","article_publisher":"https:\/\/facebook.com\/pages\/Bmf-Fvm\/597553177057267","article_modified_time":"2022-03-23T14:06:04+00:00","og_image":[{"width":200,"height":200,"url":"https:\/\/bmf-fvm.org\/wp-content\/uploads\/2022\/04\/bmf-fb-logo.jpg","type":"image\/jpeg"}],"twitter_card":"summary_large_image","twitter_misc":{"Est. reading time":"1 minutua"},"schema":{"@context":"https:\/\/schema.org","@graph":[{"@type":"WebPage","@id":"https:\/\/bmf-fvm.org\/eu\/segurtasuna\/daem-ikastaroak\/","url":"https:\/\/bmf-fvm.org\/eu\/segurtasuna\/daem-ikastaroak\/","name":"DAEM Ikastaroak - Bizkaiko Mendizale Federazioa","isPartOf":{"@id":"https:\/\/bmf-fvm.org\/#website"},"datePublished":"2014-09-11T16:10:30+00:00","dateModified":"2022-03-23T14:06:04+00:00","breadcrumb":{"@id":"https:\/\/bmf-fvm.org\/eu\/segurtasuna\/daem-ikastaroak\/#breadcrumb"},"inLanguage":"eu","potentialAction":[{"@type":"ReadAction","target":["https:\/\/bmf-fvm.org\/eu\/segurtasuna\/daem-ikastaroak\/"]}]},{"@type":"BreadcrumbList","@id":"https:\/\/bmf-fvm.org\/eu\/segurtasuna\/daem-ikastaroak\/#breadcrumb","itemListElement":[{"@type":"ListItem","position":1,"name":"Portada","item":"https:\/\/bmf-fvm.org\/eu\/"},{"@type":"ListItem","position":2,"name":"Segurtasuna","item":"https:\/\/bmf-fvm.org\/eu\/segurtasuna\/"},{"@type":"ListItem","position":3,"name":"DAEM Ikastaroak"}]},{"@type":"WebSite","@id":"https:\/\/bmf-fvm.org\/#website","url":"https:\/\/bmf-fvm.org\/","name":"Bizkaiko Mendizale Federazioa","description":"Bizkaiko Mendizale Federazioa","publisher":{"@id":"https:\/\/bmf-fvm.org\/#organization"},"potentialAction":[{"@type":"SearchAction","target":{"@type":"EntryPoint","urlTemplate":"https:\/\/bmf-fvm.org\/?s={search_term_string}"},"query-input":{"@type":"PropertyValueSpecification","valueRequired":true,"valueName":"search_term_string"}}],"inLanguage":"eu"},{"@type":"Organization","@id":"https:\/\/bmf-fvm.org\/#organization","name":"Federaci\u00f3n Vizca\u00edna de Monta\u00f1a","url":"https:\/\/bmf-fvm.org\/","logo":{"@type":"ImageObject","inLanguage":"eu","@id":"https:\/\/bmf-fvm.org\/#\/schema\/logo\/image\/","url":"https:\/\/bmf-fvm.org\/wp-content\/uploads\/2022\/03\/bmf-logo-trans.png","contentUrl":"https:\/\/bmf-fvm.org\/wp-content\/uploads\/2022\/03\/bmf-logo-trans.png","width":41,"height":61,"caption":"Federaci\u00f3n Vizca\u00edna de Monta\u00f1a"},"image":{"@id":"https:\/\/bmf-fvm.org\/#\/schema\/logo\/image\/"},"sameAs":["https:\/\/facebook.com\/pages\/Bmf-Fvm\/597553177057267"]}]}},"_links":{"self":[{"href":"https:\/\/bmf-fvm.org\/eu\/wp-json\/wp\/v2\/pages\/80583","targetHints":{"allow":["GET"]}}],"collection":[{"href":"https:\/\/bmf-fvm.org\/eu\/wp-json\/wp\/v2\/pages"}],"about":[{"href":"https:\/\/bmf-fvm.org\/eu\/wp-json\/wp\/v2\/types\/page"}],"author":[{"embeddable":true,"href":"https:\/\/bmf-fvm.org\/eu\/wp-json\/wp\/v2\/users\/1"}],"replies":[{"embeddable":true,"href":"https:\/\/bmf-fvm.org\/eu\/wp-json\/wp\/v2\/comments?post=80583"}],"version-history":[{"count":0,"href":"https:\/\/bmf-fvm.org\/eu\/wp-json\/wp\/v2\/pages\/80583\/revisions"}],"up":[{"embeddable":true,"href":"https:\/\/bmf-fvm.org\/eu\/wp-json\/wp\/v2\/pages\/80571"}],"wp:attachment":[{"href":"https:\/\/bmf-fvm.org\/eu\/wp-json\/wp\/v2\/media?parent=80583"}],"curies":[{"name":"wp","href":"https:\/\/api.w.org\/{rel}","templated":true}]}}

<div class="wpb-content-wrapper"><p>[vc_row][vc_column][vc_column_text]Jakinarazi nahi dizuegu klubek DAEMk (Larrialdiei Aurregiteko eta Meteorologiako Zuzendaritza-Eusko Jaurlaritzako Segurtasun Saila) lagundutako formakuntza programak eskatu ahal dituztela.</p>
<p>Haien artean ezberdinak baina elkar erlazionatutako hiru arlo dira:</p>
<ul>
<li><strong>MENDIKO AUTOBABES IKASTAROA:</strong>
<ul>
<li>5 ordutako ikastaroa 2,5 ordutako bi egunetan banatuta. Ikastaroaren irakaslea EMFko Mendiko Sorrospen eta Medikuntza taldeko teknikari bat izango da.</li>
<li>Ikasle kopuruak baldintzatu dezakeen arren (kopuru egokiena 20-30 bitartekoa izango da. Ez da gomendagarria 10 lagun baino gutxiagoko taderik), gela handi bat beharko da. Honekin batera oso gomendagarria baina ez nahitaezkoa, proiekzio pantaila eta kanoia.</li>
</ul>
</li>
<li><strong>LEHEN SORROSPENETAKO IKASTARO PRAKTIKOA:</strong>
<ul>
<li>Ikastaro praktikoa izango da. Egun bakar batean (normalean larunbatean) eta 8 ordutako iraupena duen ikastaroa da. Irakasleak EMFko Mendikutza eta Sorrospen taldeko teknikariak izango dira.</li>
<li>Ikasle kopuruaren araberako gela haundi bat beharko da (4 talde ezberdin osatzeko 20 laguneko taldeak aholkatzen dira. Ez dira 10 lagun baino gutxiagoko taldeak aholkatzen). Beharrezkoak ez diren arren, proiekzio pantaila eta kainoia izatea oso gomendagarria da.</li>
</ul>
</li>
<li><strong>OSASUNA ETA MENDIKO JARDUEREN INGURUKO JARDUNALDIA:</strong>
<ul>
<li>Egun bakar batean (larunbatean) eta 8 ordutako iraupena duen ikastaro teorikoa. Irakaslea EMFko Medikuntza eta sorrospen taldeko teknikari bat izango da.</li>
<li>Ikasle kopuruaren araberako gela haundi bat beharko da (20-30 laguneko taldeak aholkatzen dira. Ez dira 10 lagun baino gutxiagoko taldeak aholkatzen). Beharrezkoak ez diren arren, proiekzio pantaila eta kainoia izatea oso gomendagarria da.</li>
</ul>
</li>
</ul>
<p>Formakuntza hauek eskatzeko EMFko Zuzendari Teknikoarekin harremanetan jarri: <a title="Convocatorias pruebas selección Equipo Español de Alpinismo y Equipo Femenino Alpinismo (2015-2017)" href="mailto:zuzendaritza@emf-fvm.com">zuzendaritza@emf-fvm.com </a>[/vc_column_text][/vc_column][/vc_row]</p>
</div>

<!-- This site is optimized with the Yoast SEO plugin v27.3 - https://yoast.com/product/yoast-seo-wordpress/ -->
<title>DAEM Ikastaroak - Bizkaiko Mendizale Federazioa</title>
<meta name="robots" content="index, follow, max-snippet:-1, max-image-preview:large, max-video-preview:-1" />
<link rel="canonical" href="https://bmf-fvm.org/eu/segurtasuna/daem-ikastaroak/" />
<meta property="og:locale" content="en_US" />
<meta property="og:type" content="article" />
<meta property="og:title" content="DAEM Ikastaroak - Bizkaiko Mendizale Federazioa" />
<meta property="og:description" content="[vc_row][vc_column][vc_column_text]Jakinarazi nahi dizuegu klubek DAEMk (Larrialdiei Aurregiteko eta Meteorologiako Zuzendaritza-Eusko Jaurlaritzako Segurtasun Saila) lagundutako formakuntza programak eskatu ahal dituztela. Haien&hellip;" />
<meta property="og:url" content="https://bmf-fvm.org/eu/segurtasuna/daem-ikastaroak/" />
<meta property="og:site_name" content="Bizkaiko Mendizale Federazioa" />
<meta property="article:publisher" content="https://facebook.com/pages/Bmf-Fvm/597553177057267" />
<meta property="article:modified_time" content="2022-03-23T14:06:04+00:00" />
<meta property="og:image" content="https://bmf-fvm.org/wp-content/uploads/2022/04/bmf-fb-logo.jpg" />
	<meta property="og:image:width" content="200" />
	<meta property="og:image:height" content="200" />
	<meta property="og:image:type" content="image/jpeg" />
<meta name="twitter:card" content="summary_large_image" />
<meta name="twitter:label1" content="Est. reading time" />
	<meta name="twitter:data1" content="1 minutua" />
<script type="application/ld+json" class="yoast-schema-graph">{"@context":"https:\/\/schema.org","@graph":[{"@type":"WebPage","@id":"https:\/\/bmf-fvm.org\/eu\/segurtasuna\/daem-ikastaroak\/","url":"https:\/\/bmf-fvm.org\/eu\/segurtasuna\/daem-ikastaroak\/","name":"DAEM Ikastaroak - Bizkaiko Mendizale Federazioa","isPartOf":{"@id":"https:\/\/bmf-fvm.org\/#website"},"datePublished":"2014-09-11T16:10:30+00:00","dateModified":"2022-03-23T14:06:04+00:00","breadcrumb":{"@id":"https:\/\/bmf-fvm.org\/eu\/segurtasuna\/daem-ikastaroak\/#breadcrumb"},"inLanguage":"eu","potentialAction":[{"@type":"ReadAction","target":["https:\/\/bmf-fvm.org\/eu\/segurtasuna\/daem-ikastaroak\/"]}]},{"@type":"BreadcrumbList","@id":"https:\/\/bmf-fvm.org\/eu\/segurtasuna\/daem-ikastaroak\/#breadcrumb","itemListElement":[{"@type":"ListItem","position":1,"name":"Portada","item":"https:\/\/bmf-fvm.org\/eu\/"},{"@type":"ListItem","position":2,"name":"Segurtasuna","item":"https:\/\/bmf-fvm.org\/eu\/segurtasuna\/"},{"@type":"ListItem","position":3,"name":"DAEM Ikastaroak"}]},{"@type":"WebSite","@id":"https:\/\/bmf-fvm.org\/#website","url":"https:\/\/bmf-fvm.org\/","name":"Bizkaiko Mendizale Federazioa","description":"Bizkaiko Mendizale Federazioa","publisher":{"@id":"https:\/\/bmf-fvm.org\/#organization"},"potentialAction":[{"@type":"SearchAction","target":{"@type":"EntryPoint","urlTemplate":"https:\/\/bmf-fvm.org\/?s={search_term_string}"},"query-input":{"@type":"PropertyValueSpecification","valueRequired":true,"valueName":"search_term_string"}}],"inLanguage":"eu"},{"@type":"Organization","@id":"https:\/\/bmf-fvm.org\/#organization","name":"Federación Vizcaína de Montaña","url":"https:\/\/bmf-fvm.org\/","logo":{"@type":"ImageObject","inLanguage":"eu","@id":"https:\/\/bmf-fvm.org\/#\/schema\/logo\/image\/","url":"https:\/\/bmf-fvm.org\/wp-content\/uploads\/2022\/03\/bmf-logo-trans.png","contentUrl":"https:\/\/bmf-fvm.org\/wp-content\/uploads\/2022\/03\/bmf-logo-trans.png","width":41,"height":61,"caption":"Federación Vizcaína de Montaña"},"image":{"@id":"https:\/\/bmf-fvm.org\/#\/schema\/logo\/image\/"},"sameAs":["https:\/\/facebook.com\/pages\/Bmf-Fvm\/597553177057267"]}]}</script>
<!-- / Yoast SEO plugin. -->

Federación Vizcaína de Montaña
